{"id":379,"date":"2022-10-16T18:37:11","date_gmt":"2022-10-16T16:37:11","guid":{"rendered":"https:\/\/www.lafermepourtous.org\/?page_id=379"},"modified":"2023-12-04T08:30:30","modified_gmt":"2023-12-04T07:30:30","slug":"mentions-legales","status":"publish","type":"page","link":"https:\/\/lafermepourtous.org\/index.php\/mentions-legales\/","title":{"rendered":"Mentions l\u00e9gales"},"content":{"rendered":"<h6 class=\"p1\"><span class=\"s1\">Association la Ferme pour Tous <\/span><\/h6>\n<h6 class=\"p1\">Si\u00e8ge social: 1 bis rue des Capucins &#8211; B\u00e2timent B &#8211; 92190 Meudon<\/h6>\n<h6 class=\"p1\">T\u00e9l\u00e9phone: 07 83 34 95 62<\/h6>\n<h6 class=\"p1\"><span class=\"s1\">Courriel: contact@lafermepourtous.org<\/span><\/h6>\n<h6 class=\"p1\"><span class=\"s1\">SIREN: 920 363 629<\/span><\/h6>\n<h6 class=\"p1\"><span class=\"s1\">Directeur de la publication: Jean-Fran\u00e7ois Touchard<\/span><\/h6>\n<h6 class=\"p1\"><span class=\"s1\">H\u00e9bergeur: OVH<\/span><\/h6>\n<h6 class=\"p1\"><span class=\"s1\">Si\u00e8ge social : 2 rue Kellermann &#8211; 59100 Roubaix &#8211; France <\/span><\/h6>\n<h6 class=\"p1\">T\u00e9l\u00e9phone: 0972101007<\/h6>\n","protected":false},"excerpt":{"rendered":"<p>Association la Ferme pour Tous Si\u00e8ge social: 1 bis rue des Capucins &#8211; B\u00e2timent B &#8211; 92190 Meudon T\u00e9l\u00e9phone: 07 83 34 95 62 Courriel: contact@lafermepourtous.org SIREN: 920 363 629 Directeur de la publication: Jean-Fran\u00e7ois Touchard H\u00e9bergeur: OVH Si\u00e8ge social : 2 rue Kellermann &#8211; 59100 Roubaix &#8211; France T\u00e9l\u00e9phone: [&hellip;]<\/p>\n","protected":false},"author":1,"featured_media":0,"parent":0,"menu_order":0,"comment_status":"closed","ping_status":"closed","template":"","meta":{"_themeisle_gutenberg_block_has_review":false,"footnotes":""},"class_list":["post-379","page","type-page","status-publish","hentry"],"yoast_head":"<!-- This site is optimized with the Yoast SEO plugin v21.5 - https:\/\/yoast.com\/wordpress\/plugins\/seo\/ -->\n<title>Mentions l\u00e9gales - La Ferme Pour Tous<\/title>\n<meta name=\"robots\" content=\"index, follow, max-snippet:-1, max-image-preview:large, max-video-preview:-1\" \/>\n<link rel=\"canonical\" href=\"https:\/\/lafermepourtous.org\/index.php\/mentions-legales\/\" \/>\n<meta property=\"og:locale\" content=\"fr_FR\" \/>\n<meta property=\"og:type\" content=\"article\" \/>\n<meta property=\"og:title\" content=\"Mentions l\u00e9gales - La Ferme Pour Tous\" \/>\n<meta property=\"og:description\" content=\"Association la Ferme pour Tous Si\u00e8ge social: 1 bis rue des Capucins &#8211; B\u00e2timent B &#8211; 92190 Meudon T\u00e9l\u00e9phone: 07 83 34 95 62 Courriel: contact@lafermepourtous.org SIREN: 920 363 629 Directeur de la publication: Jean-Fran\u00e7ois Touchard H\u00e9bergeur: OVH Si\u00e8ge social : 2 rue Kellermann &#8211; 59100 Roubaix &#8211; France T\u00e9l\u00e9phone: [&hellip;]\" \/>\n<meta property=\"og:url\" content=\"https:\/\/lafermepourtous.org\/index.php\/mentions-legales\/\" \/>\n<meta property=\"og:site_name\" content=\"La Ferme Pour Tous\" \/>\n<meta property=\"article:modified_time\" content=\"2023-12-04T07:30:30+00:00\" \/>\n<meta name=\"twitter:card\" content=\"summary_large_image\" \/>\n<meta name=\"twitter:label1\" content=\"Dur\u00e9e de lecture estim\u00e9e\" \/>\n\t<meta name=\"twitter:data1\" content=\"1 minute\" \/>\n<script type=\"application\/ld+json\" class=\"yoast-schema-graph\">{\"@context\":\"https:\/\/schema.org\",\"@graph\":[{\"@type\":\"WebPage\",\"@id\":\"https:\/\/lafermepourtous.org\/index.php\/mentions-legales\/\",\"url\":\"https:\/\/lafermepourtous.org\/index.php\/mentions-legales\/\",\"name\":\"Mentions l\u00e9gales - La Ferme Pour Tous\",\"isPartOf\":{\"@id\":\"https:\/\/lafermepourtous.org\/#website\"},\"datePublished\":\"2022-10-16T16:37:11+00:00\",\"dateModified\":\"2023-12-04T07:30:30+00:00\",\"breadcrumb\":{\"@id\":\"https:\/\/lafermepourtous.org\/index.php\/mentions-legales\/#breadcrumb\"},\"inLanguage\":\"fr-FR\",\"potentialAction\":[{\"@type\":\"ReadAction\",\"target\":[\"https:\/\/lafermepourtous.org\/index.php\/mentions-legales\/\"]}]},{\"@type\":\"BreadcrumbList\",\"@id\":\"https:\/\/lafermepourtous.org\/index.php\/mentions-legales\/#breadcrumb\",\"itemListElement\":[{\"@type\":\"ListItem\",\"position\":1,\"name\":\"Accueil\",\"item\":\"https:\/\/lafermepourtous.org\/\"},{\"@type\":\"ListItem\",\"position\":2,\"name\":\"Mentions l\u00e9gales\"}]},{\"@type\":\"WebSite\",\"@id\":\"https:\/\/lafermepourtous.org\/#website\",\"url\":\"https:\/\/lafermepourtous.org\/\",\"name\":\"La Ferme Pour Tous\",\"description\":\"\",\"publisher\":{\"@id\":\"https:\/\/lafermepourtous.org\/#organization\"},\"potentialAction\":[{\"@type\":\"SearchAction\",\"target\":{\"@type\":\"EntryPoint\",\"urlTemplate\":\"https:\/\/lafermepourtous.org\/?s={search_term_string}\"},\"query-input\":\"required name=search_term_string\"}],\"inLanguage\":\"fr-FR\"},{\"@type\":\"Organization\",\"@id\":\"https:\/\/lafermepourtous.org\/#organization\",\"name\":\"La Ferme Pour Tous\",\"url\":\"https:\/\/lafermepourtous.org\/\",\"logo\":{\"@type\":\"ImageObject\",\"inLanguage\":\"fr-FR\",\"@id\":\"https:\/\/lafermepourtous.org\/#\/schema\/logo\/image\/\",\"url\":\"https:\/\/lafermepourtous.org\/wp-content\/uploads\/2022\/10\/cropped-cropped-cropped-Logo_la_ferme_pour_tous-1.png\",\"contentUrl\":\"https:\/\/lafermepourtous.org\/wp-content\/uploads\/2022\/10\/cropped-cropped-cropped-Logo_la_ferme_pour_tous-1.png\",\"width\":250,\"height\":250,\"caption\":\"La Ferme Pour Tous\"},\"image\":{\"@id\":\"https:\/\/lafermepourtous.org\/#\/schema\/logo\/image\/\"}}]}<\/script>\n<!-- \/ Yoast SEO plugin. -->","yoast_head_json":{"title":"Mentions l\u00e9gales - La Ferme Pour Tous","robots":{"index":"index","follow":"follow","max-snippet":"max-snippet:-1","max-image-preview":"max-image-preview:large","max-video-preview":"max-video-preview:-1"},"canonical":"https:\/\/lafermepourtous.org\/index.php\/mentions-legales\/","og_locale":"fr_FR","og_type":"article","og_title":"Mentions l\u00e9gales - La Ferme Pour Tous","og_description":"Association la Ferme pour Tous Si\u00e8ge social: 1 bis rue des Capucins &#8211; B\u00e2timent B &#8211; 92190 Meudon T\u00e9l\u00e9phone: 07 83 34 95 62 Courriel: contact@lafermepourtous.org SIREN: 920 363 629 Directeur de la publication: Jean-Fran\u00e7ois Touchard H\u00e9bergeur: OVH Si\u00e8ge social : 2 rue Kellermann &#8211; 59100 Roubaix &#8211; France T\u00e9l\u00e9phone: [&hellip;]","og_url":"https:\/\/lafermepourtous.org\/index.php\/mentions-legales\/","og_site_name":"La Ferme Pour Tous","article_modified_time":"2023-12-04T07:30:30+00:00","twitter_card":"summary_large_image","twitter_misc":{"Dur\u00e9e de lecture estim\u00e9e":"1 minute"},"schema":{"@context":"https:\/\/schema.org","@graph":[{"@type":"WebPage","@id":"https:\/\/lafermepourtous.org\/index.php\/mentions-legales\/","url":"https:\/\/lafermepourtous.org\/index.php\/mentions-legales\/","name":"Mentions l\u00e9gales - La Ferme Pour Tous","isPartOf":{"@id":"https:\/\/lafermepourtous.org\/#website"},"datePublished":"2022-10-16T16:37:11+00:00","dateModified":"2023-12-04T07:30:30+00:00","breadcrumb":{"@id":"https:\/\/lafermepourtous.org\/index.php\/mentions-legales\/#breadcrumb"},"inLanguage":"fr-FR","potentialAction":[{"@type":"ReadAction","target":["https:\/\/lafermepourtous.org\/index.php\/mentions-legales\/"]}]},{"@type":"BreadcrumbList","@id":"https:\/\/lafermepourtous.org\/index.php\/mentions-legales\/#breadcrumb","itemListElement":[{"@type":"ListItem","position":1,"name":"Accueil","item":"https:\/\/lafermepourtous.org\/"},{"@type":"ListItem","position":2,"name":"Mentions l\u00e9gales"}]},{"@type":"WebSite","@id":"https:\/\/lafermepourtous.org\/#website","url":"https:\/\/lafermepourtous.org\/","name":"La Ferme Pour Tous","description":"","publisher":{"@id":"https:\/\/lafermepourtous.org\/#organization"},"potentialAction":[{"@type":"SearchAction","target":{"@type":"EntryPoint","urlTemplate":"https:\/\/lafermepourtous.org\/?s={search_term_string}"},"query-input":"required name=search_term_string"}],"inLanguage":"fr-FR"},{"@type":"Organization","@id":"https:\/\/lafermepourtous.org\/#organization","name":"La Ferme Pour Tous","url":"https:\/\/lafermepourtous.org\/","logo":{"@type":"ImageObject","inLanguage":"fr-FR","@id":"https:\/\/lafermepourtous.org\/#\/schema\/logo\/image\/","url":"https:\/\/lafermepourtous.org\/wp-content\/uploads\/2022\/10\/cropped-cropped-cropped-Logo_la_ferme_pour_tous-1.png","contentUrl":"https:\/\/lafermepourtous.org\/wp-content\/uploads\/2022\/10\/cropped-cropped-cropped-Logo_la_ferme_pour_tous-1.png","width":250,"height":250,"caption":"La Ferme Pour Tous"},"image":{"@id":"https:\/\/lafermepourtous.org\/#\/schema\/logo\/image\/"}}]}},"_links":{"self":[{"href":"https:\/\/lafermepourtous.org\/index.php\/wp-json\/wp\/v2\/pages\/379"}],"collection":[{"href":"https:\/\/lafermepourtous.org\/index.php\/wp-json\/wp\/v2\/pages"}],"about":[{"href":"https:\/\/lafermepourtous.org\/index.php\/wp-json\/wp\/v2\/types\/page"}],"author":[{"embeddable":true,"href":"https:\/\/lafermepourtous.org\/index.php\/wp-json\/wp\/v2\/users\/1"}],"replies":[{"embeddable":true,"href":"https:\/\/lafermepourtous.org\/index.php\/wp-json\/wp\/v2\/comments?post=379"}],"version-history":[{"count":6,"href":"https:\/\/lafermepourtous.org\/index.php\/wp-json\/wp\/v2\/pages\/379\/revisions"}],"predecessor-version":[{"id":1533,"href":"https:\/\/lafermepourtous.org\/index.php\/wp-json\/wp\/v2\/pages\/379\/revisions\/1533"}],"wp:attachment":[{"href":"https:\/\/lafermepourtous.org\/index.php\/wp-json\/wp\/v2\/media?parent=379"}],"curies":[{"name":"wp","href":"https:\/\/api.w.org\/{rel}","templated":true}]}}

Mentions légales

<h6 class="p1"><span class="s1">Association la Ferme pour Tous </span></h6>
<h6 class="p1">Siège social: 1 bis rue des Capucins &#8211; Bâtiment B &#8211; 92190 Meudon</h6>
<h6 class="p1">Téléphone: 07 83 34 95 62</h6>
<h6 class="p1"><span class="s1">Courriel: contact@lafermepourtous.org</span></h6>
<h6 class="p1"><span class="s1">SIREN: 920 363 629</span></h6>
<h6 class="p1"><span class="s1">Directeur de la publication: Jean-François Touchard</span></h6>
<h6 class="p1"><span class="s1">Hébergeur: OVH</span></h6>
<h6 class="p1"><span class="s1">Siège social : 2 rue Kellermann &#8211; 59100 Roubaix &#8211; France </span></h6>
<h6 class="p1">Téléphone: 0972101007</h6>

<p>Association la Ferme pour Tous Siège social: 1 bis rue des Capucins &#8211; Bâtiment B &#8211; 92190 Meudon Téléphone: 07 83 34 95 62 Courriel: contact@lafermepourtous.org SIREN: 920 363 629 Directeur de la publication: Jean-François Touchard Hébergeur: OVH Siège social : 2 rue Kellermann &#8211; 59100 Roubaix &#8211; France Téléphone: [&hellip;]</p>

<!-- This site is optimized with the Yoast SEO plugin v21.5 - https://yoast.com/wordpress/plugins/seo/ -->
<title>Mentions légales - La Ferme Pour Tous</title>
<meta name="robots" content="index, follow, max-snippet:-1, max-image-preview:large, max-video-preview:-1" />
<link rel="canonical" href="https://lafermepourtous.org/index.php/mentions-legales/" />
<meta property="og:locale" content="fr_FR" />
<meta property="og:type" content="article" />
<meta property="og:title" content="Mentions légales - La Ferme Pour Tous" />
<meta property="og:description" content="Association la Ferme pour Tous Siège social: 1 bis rue des Capucins &#8211; Bâtiment B &#8211; 92190 Meudon Téléphone: 07 83 34 95 62 Courriel: contact@lafermepourtous.org SIREN: 920 363 629 Directeur de la publication: Jean-François Touchard Hébergeur: OVH Siège social : 2 rue Kellermann &#8211; 59100 Roubaix &#8211; France Téléphone: [&hellip;]" />
<meta property="og:url" content="https://lafermepourtous.org/index.php/mentions-legales/" />
<meta property="og:site_name" content="La Ferme Pour Tous" />
<meta property="article:modified_time" content="2023-12-04T07:30:30+00:00" />
<meta name="twitter:card" content="summary_large_image" />
<meta name="twitter:label1" content="Durée de lecture estimée" />
	<meta name="twitter:data1" content="1 minute" />
<script type="application/ld+json" class="yoast-schema-graph">{"@context":"https://schema.org","@graph":[{"@type":"WebPage","@id":"https://lafermepourtous.org/index.php/mentions-legales/","url":"https://lafermepourtous.org/index.php/mentions-legales/","name":"Mentions légales - La Ferme Pour Tous","isPartOf":{"@id":"https://lafermepourtous.org/#website"},"datePublished":"2022-10-16T16:37:11+00:00","dateModified":"2023-12-04T07:30:30+00:00","breadcrumb":{"@id":"https://lafermepourtous.org/index.php/mentions-legales/#breadcrumb"},"inLanguage":"fr-FR","potentialAction":[{"@type":"ReadAction","target":["https://lafermepourtous.org/index.php/mentions-legales/"]}]},{"@type":"BreadcrumbList","@id":"https://lafermepourtous.org/index.php/mentions-legales/#breadcrumb","itemListElement":[{"@type":"ListItem","position":1,"name":"Accueil","item":"https://lafermepourtous.org/"},{"@type":"ListItem","position":2,"name":"Mentions légales"}]},{"@type":"WebSite","@id":"https://lafermepourtous.org/#website","url":"https://lafermepourtous.org/","name":"La Ferme Pour Tous","description":"","publisher":{"@id":"https://lafermepourtous.org/#organization"},"potentialAction":[{"@type":"SearchAction","target":{"@type":"EntryPoint","urlTemplate":"https://lafermepourtous.org/?s={search_term_string}"},"query-input":"required name=search_term_string"}],"inLanguage":"fr-FR"},{"@type":"Organization","@id":"https://lafermepourtous.org/#organization","name":"La Ferme Pour Tous","url":"https://lafermepourtous.org/","logo":{"@type":"ImageObject","inLanguage":"fr-FR","@id":"https://lafermepourtous.org/#/schema/logo/image/","url":"https://lafermepourtous.org/wp-content/uploads/2022/10/cropped-cropped-cropped-Logo_la_ferme_pour_tous-1.png","contentUrl":"https://lafermepourtous.org/wp-content/uploads/2022/10/cropped-cropped-cropped-Logo_la_ferme_pour_tous-1.png","width":250,"height":250,"caption":"La Ferme Pour Tous"},"image":{"@id":"https://lafermepourtous.org/#/schema/logo/image/"}}]}</script>
<!-- / Yoast SEO plugin. -->

Mentions légales - La Ferme Pour Tous

Association la Ferme pour Tous Siège social: 1 bis rue des Capucins &#8211; Bâtiment B &#8211; 92190 Meudon Téléphone: 07 83 34 95 62 Courriel: contact@lafermepourtous.org SIREN: 920 363 629 Directeur de la publication: Jean-François Touchard Hébergeur: OVH Siège social : 2 rue Kellermann &#8211; 59100 Roubaix &#8211; France Téléphone: [&hellip;]
